). What are the prime factors of r(2)?
5, 29
Let m(g) = 589*g + 723. What are the prime factors of m(38)?
5, 4621
Let p(u) = -u**3 - 3*u**2 + 3*u + 6. Let f be p(-4). Suppose -5*y + 40 = f. What are the prime factors of y?
2, 3
Let f(q) be the third derivative of q**6/120 - q**5/60 + 5*q**4/12 + q**3 - 11*q**2 + 1. List the prime factors of f(8).
2, 3, 89
Suppose -11*o + 2793 = -4*o. Suppose 2*k - o = -2*i + 499, -i + 452 = -2*k. Let g = i + -266. List the prime factors of g.
2, 23
Suppose 0 = -2*r - 3*r + 15. Let n(d) = d**2 - d - 1. Let a(u) = -10*u**2 - 2*u - 9. Let s(g) = -a(g) + 3*n(g). What are the prime factors of s(r)?
2, 3, 5
Let s(i) = -i**2 + 3*i + 12. Suppose -2*m + 3*h = 3*m - 10, 4*m + 5*h = 45. Let x be s(m). Suppose -x*u + 3*u = 32. What are the prime factors of u?
2
Let b = 103 + -96. What are the prime factors of 2/b - (-52180)/140?
373
Let w(j) = 24*j**2 - 721*j - 35. What are the prime factors of w(-23)?
2, 3, 2437
Let d be ((-6)/(-4))/((-21)/(-1484)) + 4. List the prime factors of ((-16)/(-5) - -4)*d.
2, 3, 11
Let w = -59 - -61. Suppose -1294 = -w*x + 50. List the prime factors of x.
2, 3, 7
Let h(a) be the second derivative of -15*a**5/4 + a**4/6 - a**3/6 - 2*a**2 - 59*a. What are the prime factors of h(-2)?
2, 3, 101
Let n(f) = -15*f**2 + 906*f - 49. What are the prime factors of n(54)?
5, 13, 79
Let b be 0/(-2) + 6 + 3. Suppose -28*q = -29*q + b. Suppose q*s - s = 552. What are the prime factors of s?
3, 23
Let h(i) be the second derivative of -i**4/12 - 22*i**3/3 + 61*i**2/2 + 32*i + 1. List the prime factors of h(-19).
2, 67
Suppose 9438 - 59569 = -59*a + 158139. What are the prime factors of a?
2, 5, 353
Let i(p) = 6*p**2 + 2*p - 17. Let f(c) = 13*c**2 + 5*c - 35. Let r(n) = 3*f(n) - 5*i(n). What are the prime factors of r(-6)?
2, 137
Let v be (15/50)/(-3) - (-14558)/(-20). Let j = -467 - v. List the prime factors of j.
3, 29
Let n = 25027 - 7506. List the prime factors of n.
7, 2503
Let h = 92 + -96. What are the prime factors of (80/(-8))/(h/66)?
3, 5, 11
Let i be (1 - 478/4)*(-500)/150. Let r = 1946 - i. What are the prime factors of r?
3, 11, 47
Let j(u) = -10*u**3 + 4*u**2 + 2*u + 7. Let r be j(-5). Let g = 2226 - r. What are the prime factors of g?
3, 293
Suppose 9 = -4*y + 5. Let q(c) = -409*c**3 + 4*c + 3. List the prime factors of q(y).
2, 3, 17
Suppose 4*b + 5*k + 4770 = 0, -5*b - 3*k - 3029 = 2927. Let h = b - -2053. List the prime factors of h.
863
Suppose 3*o + 15 = 0, -2*a + 3225 = -5*o + 6*o. Let x = a - 1117. List the prime factors of x.
2, 3, 83
Let g(v) = 2*v - 6. Let d be -2 - -3*26/3. Let b be g(d). Suppose 5*j - 4*j - 35 = 3*t, j = -4*t + b. What are the prime factors of j?
2, 19
Let z = 109 + -104. What are the prime factors of -2 - (-114)/(-10)*(-25)/z?
5, 11
Suppose 0 = -11*u - 19*u + 815642 + 1318. List the prime factors of u.
2, 23, 37
Let q(c) = -c**2 - 37*c + 42. Let s be q(-38). Suppose 3*h = a + 472, 5*h + s*a - 789 = 8*a. List the prime factors of h.
157
Suppose 8*d - 43 = -11. Suppose 0 = u - 5*c - 57 - 33, 3*u - 175 = -d*c. List the prime factors of u.
5, 13
Let g be (-22 + 22)*1/(-3). Suppose g = 44*s - 31*s - 16120. What are the prime factors of s?
2, 5, 31
Let g = 58 - 58. Suppose -s + g = -2. Suppose -s*t = -4*w + 2*t + 428, -3*t = -12. List the prime factors of w.
3, 37
Suppose 0 = 445*w - 496*w + 148716. What are the prime factors of w?
2, 3
Suppose 3*z + 3*b = -267 - 570, -807 = 3*z - 3*b. Let c = 385 + z. Suppose 0 = -3*i - 2*v + 329, v = -4*i + 3*i + c. What are the prime factors of i?
107
List the prime factors of -38 + 41 - 9*-42.
3, 127
Suppose -2919 = -r - 2*f, 28*r - 2925 = 27*r - 5*f. List the prime factors of r.
5, 11, 53
Let u = 455 + -385. Suppose u*y = 78*y - 2472. What are the prime factors of y?
3, 103
Let o(g) = 9*g**3 + 5*g**2 + 8*g + 28. Let s be o(-4). Let v = s - -592. List the prime factors of v.
2, 23
What are the prime factors of (-4)/(-2) + 192/(-12) + 4294?
2, 5, 107
Let p(z) = 20*z - 16. Let c = 118 + -32. Let k be (-3)/18 + c/12. What are the prime factors of p(k)?
2, 31
Suppose -27 = -13*r + 4*r. Suppose 2*n - r*a + 14 = 5, n = -3*a + 9. Suppose 4*p - 11*m = -6*m + 536, n = 3*p + 3*m - 429. What are the prime factors of p?
139
Let r = 5411 + 6878. List the prime factors of r.
12289
Let y be (5 - 2)/(9*(-9)/(-18819)). Suppose -d = -y - 185. List the prime factors of d.
2, 3, 7
Let y(q) = 5 - 2*q - 4 - 1 - 2*q**2. Let i be y(0). Let t(b) = b**3 + 88. List the prime factors of t(i).
2, 11
Suppose -156*m + 42*m = -78*m - 282420. List the prime factors of m.
3, 5, 523
Suppose -21*r = -87942 - 92448. List the prime factors of r.
2, 5, 859
What are the prime factors of (-92142)/(-10) + (-1410)/1175?
3, 37, 83
Let u = -9 - -13. Suppose u*n + 409 + 239 = 0. Let d = 271 + n. What are the prime factors of d?
109
Let k be 2 + -2 + 1 + -7. Let x(q) = 65*q**3 - 6*q**2 - 67*q**3 - 17*q + 32 - 3 + 21*q + 7*q. List the prime factors of x(k).
179
Let y = 37268 - -29777. List the prime factors of y.
5, 11, 23, 53
Let r(t) = -33*t + 93. List the prime factors of r(-4).
3, 5
Suppose -4*b + 5*v - 131 = 0, -216 = 5*b + 2*v - 11. Let w be ((-1220)/6)/((-13)/b). Let i = w + 884. What are the prime factors of i?
2, 137
Let s(z) be the second derivative of 5*z**3/3 - 16*z**2 - 146*z. List the prime factors of s(23).
2, 3, 11
List the prime factors of 15146 - (14 + 28)/6.
15139
Suppose 0 = -3*u, 5076 = 57*j - 56*j - u. What are the prime factors of j?
2, 3, 47
Let o(n) = -14*n**2 + 13*n + 123. Let r(b) = 9*b**2 - 9*b - 82. Let y(m) = 5*o(m) + 8*r(m). List the prime factors of y(15).
2, 19
Let d(w) be the second derivative of 3*w**5/20 - w**4/3 + w**3 - 5*w**2 - 13*w - 1. List the prime factors of d(5).
5, 59
Let u = 292 - -133. Let v = u - 275. List the prime factors of v.
2, 3, 5
Let v = 47340 + -25356. List the prime factors of v.
2, 3, 229
What are the prime factors of 272194/39 - 52/39?
2, 3, 1163
Let b(z) = -130*z - 658. List the prime factors of b(-15).
2, 17, 19
What are the prime factors of (-2136)/(78/52 - 61/38) - 0?
2, 3, 19, 89
Let p be (-583 + 2 + 0)*-2. Suppose -5*i + 2374 = -4*m, 5*i - 2*m - 3544 = -p. What are the prime factors of i?
2, 239
Let x = 13031 + -7105. List the prime factors of x.
2, 2963
Suppose 5*v + 3*v = -3*v. Let f be 3/9 + (-5)/(-3). Suppose -138 = -v*u - f*u. List the prime factors of u.
3, 23
Let l(x) = -2*x**3 - 11*x**2 + 12*x + 3. Let q be l(-9). Suppose 11 = 2*d + 3. Suppose -z - q = -d*z. What are the prime factors of z?
2, 7, 11
Let t(y) = -5*y - 15. Let a be t(0). List the prime factors of 195 + 1 + 15/a.
3, 5, 13
Let w(y) = -y**2 - 41*y + 121. Let t be w(-50). Let j = t - -979. List the prime factors of j.
2, 5, 13
Let t = -2097 + 5990. What are the prime factors of t?
17, 229
Let n(l) = -l. Let w be n(-2). Let t be 22/(-77) + (-12215)/(-49). What are the prime factors of -3 - (1 + w - (t - 0))?
3
Let a be ((-8)/(-18))/(10/45). Suppose -a*p - 11 = -3*x, -p - 2*x = 3*x - 27. Suppose -4 = -p*t, 0 = -4*w - 0*t - 2*t + 836. What are the prime factors of w?
2, 13
Let h(r) be the second derivative of r**5/10 + 2*r**4/3 - r**3/2 - r**2/2 + 20*r + 2. List the prime factors of h(5).
2, 7, 31
What are the prime factors of 3/7 + 105933/7 - (-18)/63?
2, 7, 23, 47
Let q be (-2)/3 - 70/(-6). Suppose -2*r - 4*u - 6 = 8, 0 = -5*r + 2*u - q. Let i(p) = -2*p**3 + p**2 + 4*p + 7. What are the prime factors of i(r)?
2, 29
Let y = 290 + -937. List the prime factors of 3 - (-1 + -1) - (y - -53).
599
Suppose -39*p - 8286 = -40*p - 7*m, 0 = -3*p - 4*m + 24858. What are the prime factors of p?
2, 3, 1381
Let w(r) = -3*r**3 - 6*r**2 - 5*r. Let i be w(-4). Suppose -2*z - 2*b + i = -7*b, 0 = -5*z + 4*b + 256. Let g = -40 + z. List the prime factors of g.
2
Let q(o) = o**2 + 22*o - 49. Let k be q(-24). What are the prime factors of 1095/(-5)*k + -4?
5, 43
What are the prime factors of (-39)/(-12*9/1116)?
13, 31
Let h(r) be the first derivative of r**4/4 + r**3/3 + 686*r - 79. What are the prime factors of h(0)?
2, 7
Let s(r) = -191*r - 278. Let m be 2/(-14) - (-1680)/(-245). List the prime factors of s(m).
3, 353
Let u(d) = 36*d**2 - 16*d - 84. Let f(s) = -3*s**2 - 24*s + 23. Let b be f(-9). What are the prime factors of u(b)?
2, 139
What are the prime factors 